to base 4.
-1222020132
Convert -431064 (base 9) to base 7.
-2116204
Convert -1038522 (base 11) to base 14.
-357a2d
29b (base 15) to base 13
36b
Convert 200222320320 (base 4) to base 15.
b42870
What is -50820 (base 11) in base 4?
-102013103
What is -14796 (base 11) in base 5?
-1132132
Convert -3497a05 (base 11) to base 10.
-6101188
-77d8b1 (base 16) to base 10
-7854257
What is 1cbd32 (base 15) in base 11?
881096
Convert -278078 (base 13) to base 15.
-13e778
-1436253 (base 7) to base 11
-122a63
Convert 7773750 (base 9) to base 5.
2032312111
Convert -122101032 (base 4) to base 2.
-11010010001001110
What is -320362 (base 7) in base 14?
-162a2
Convert -2327371 (base 12) to base 5.
-3213210144
Convert 241225525 (base 6) to base 2.
10001010101101000011101
-23b8d (base 14) to base 9
-142730
What is 1340014 (base 5) in base 15?
823e
Convert 2365510 (base 8) to base 4.
2132231020
210588 (base 9) to base 12
60508
What is 38067 (base 10) in base 4?
21102303
What is -44545333 (base 8) in base 15?
-ca065c
Convert -2d084 (base 16) to base 15.
-399bc
What is -1100100100011010100010 (base 2) in base 11?
-1950548
Convert 1770115 (base 8) to base 15.
a4249
243142312 (base 5) to base 11
713498
What is -28353 (base 10) in base 12?
-144a9
2323034 (base 10) to base 7
25513460
Convert 7cab (base 14) to base 16.
54cf
30402110 (base 5) to base 10
247155
-a24cc (base 13) to base 16
-47020
Convert 84063 (base 9) to base 8.
154245
-5020521 (base 7) to base 13
-17a090
What is -1111110111000100110 (base 2) in base 6?
-15050034
-1078a94 (base 12) to base 4
-30000030100
Convert 406153 (base 12) to base 11.
627828
What is -2031100022 (base 4) in base 2?
-10001101010000001010
-11596610 (base 10) to base 15
-1041075
1226426 (base 9) to base 14
135303
-401403 (base 5) to base 3
-122110102
Convert -1442139 (base 10) to base 3.
-2201021020120
Convert -19d17 (base 16) to base 6.
-2133331
151214303 (base 7) to base 13
2105a8c
-644321 (base 10) to base 12
-270a55
Convert 723545 (base 9) to base 11.
27342a
2457421 (base 8) to base 4
2211330101
What is -1d16b8 (base 14) in base 5?
-231310224
c4244b (base 15) to base 10
9322721
What is -16b5b (base 12) in base 9?
-48838
What is 31301334 (base 5) in base 6?
5321454
Convert 4aa39e (base 16) to base 7.
56402036
47380 (base 15) to base 16
37668
6d6d6 (base 14) to base 9
446877
What is 1573562 (base 8) in base 4?
1233131302
-307757 (base 12) to base 11
-479827
What is 2403021311 (base 5) in base 7?
64615533
20313170 (base 8) to base 6
232043452
4014230 (base 5) to base 10
63690
Convert -d5a06 (base 14) to base 2.
-1111101110000010110
19a8679 (base 12) to base 4
110301332331
12556 (base 16) to base 13
28246
Convert -130310003 (base 4) to base 15.
-24e7e
Convert 80918 (base 14) to base 15.
618c9
What is -112204310 (base 5) in base 7?
-4210432
-2236640 (base 7) to base 4
-1003333133
What is 4b09 (base 13) in base 12?
6200
What is 17736 (base 16) in base 4?
113130312
162338 (base 16) to base 4
11202030320
Convert 1383 (base 13) to base 3.
10212010
80fa2 (base 16) to base 3
222211200022
What is 469953 (base 10) in base 2?
1110010101111000001
1e0e0 (base 16) to base 3
20020212102
Convert -450229 (base 11) to base 12.
-2a73aa
What is 1111011001000000010101 (base 2) in base 5?
2013101311
-13542445 (base 6) to base 14
-c143b
Convert 196b8 (base 16) to base 14.
29d32
Convert -1077462 (base 8) to base 7.
-2335126
Convert -475796 (base 12) to base 11.
-716215
What is 256651 (base 7) in base 4?
23232013
Convert -358b6 (base 12) to base 5.
-4302023
What is -210010012212 (base 3) in base 9?
-703185
Convert 757d6 (base 16) to base 10.
481238
What is 427aa (base 12) in base 14?
23c8a
-220121112222 (base 3) to base 12
-1b4438
What is -10110000110111001010 (base 2) in base 15?
-e49a1
Convert 4273700 (base 8) to base 6.
40311504
Convert -1126158 (base 12) to base 10.
-3286868
What is 94948 (base 10) in base 7?
543550
-1776827 (base 12) to base 5
-2222301021
What is -101279 (base 12) in base 2?
-111101010000111101
Convert -22c01 (base 15) to base 3.
-12121212001
What is -21546720 (base 8) in base 5?
-2141441313
-211032013 (base 4) to base 2
-100101001110000111
-101148 (base 11) to base 8
-475373
33298 (base 11) to base 10
48265
Convert 3a571 (base 12) to base 8.
234645
Convert -177728 (base 13) to base 9.
-1085288
What is 329d7 (base 14) in base 4?
131331001
What is -131a1 (base 12) in base 7?
-136225
Convert 242042033 (base 5) to base 4.
10103111120
Convert 33124120 (base 7) to base 8.
12667634
4130400 (base 5) to base 9
112651
b24e9 (base 16) to base 13
1c7575
What is -222134 (base 16) in base 14?
-4231c0
What is 1044241 (base 7) in base 11?
88808
Convert 231161 (base 7) to base 16.
a124
What is -130442210 (base 5) in base 3?
-1012112100000
-231414 (base 7) to base 4
-22012113
Convert 20330001 (base 7) to base 14.
325371
5028b (base 12) to base 15
20c85
Convert 144b6b8 (base 13) to base 9.
13122776
356230 (base 7) to base 9
107551
2509671 (base 12) to base 11
409aa88
-12263ba (base 15) to base 11
-73a0a23
Convert 30131431 (base 5) to base 16.
3a800
What is -405432 (base 7) in base 4?
-100320222
2375250 (base 9) to base 16
13ae50
What is -1125322 (base 6) in base 13?
-2066c
Convert 30415 (base 8) to base 14.
480d
Convert 80624 (base 10) to base 14.
2154c
What is -101000001111111110000 (base 2) in base 10?
-1318896
-1010101323 (base 5) to base 7
-23202513
What is 103101112 (base 4) in base 13?
29c0b
2aa1662 (base 11) to base 4
110032132113
-19339 (base 13) to base 3
-2111001201
Convert -9b7549 (base 13) to base 5.
-1420001333
-164313 (base 7) to base 6
-411330
Convert -5633aa (base 11) to base 4.
-3123020221
What is -37b86 (base 16) in base 5?
-24300410
-216648 (base 14) to base 12
-466b60
45233513 (base 7) to base 11
2240604
What is 1124100242 (base 5) in base 10?
2565697
Convert -1000101111110010110101 (base 2) to base 16.
-22fcb5
-4020 (base 8) to base 4
-200100
Convert -31022311 (base 4) to base 3.
-2201222211
-4073443 (base 8) to base 15
-164ad5
-8493164 (base 10) to base 4
-200121201230
-1011201022 (base 3) to base 2
-101101001010000
What is 4303435 (base 7) in base 2?
1111111100000011100
What is -6418435 (base 9) in base 8?
-15072027
What is 98055 (base 10) in base 11?
67741
51cb2 (base 14) to base 11
125293
What is 10010261 (base 8) in base 11?
1205917
4634a (base 12) to base 11
64525
Convert -21640436 (base 8) to base 7.
-54456235
What is 100011101001010010111 (base 2) in base 6?
41011303
-124831 (base 14) to base 2
-10011001001000101011
-659673 (base 10) to base 13
-1a1351
What is -10121100212 (base 3) in base 7?
-413636
What is 200122201 (base 3) in base 14?
4d56
Convert -239cc (base 13) to base 12.
-31a22
-4200441 (base 8) to base 4
-10100010201
610542 (base 7) to base 10
103518
Convert -132578 (base 13) to base 11.
-296386
What is 2812625 (base 9) in base 6?
53031122
b9edf (base 16) to base 14
15b779
Convert 11441b (base 12) to base 3.
112002002012
Convert -120323012201 (base 4) to base 9.
-13257285
11000000100010110100 (base 2) to base 12
320498
23254672 (base 8) to base 5
2244203432
2553034 (base 6) to base 16
2204e
Convert -708406 (base 13) to base 2.
-1001111110111111011101
What is -63443 (base 7) in base 4?
-3310232
Convert 16bacb (base 16) to base 4.
11223223023
Convert 3440234 (base 10) to base 13.
935b55
What is -31213203 (base 4) in base 11?
-389a9
Convert 111000010010100 (base 2) to base 13.
1016c
Convert -951619 (base 15) to base 5.
-3303422444
Convert -1530104 (base 6) to base 7.
-521554
-19a256a (base 11) to base 14
-63a5b7
Convert 966b82 (base 14) to base 16.
4da96e
Convert -62eed (base 15) to base 7.
-2445040
25e83 (base 16) to base 9
255878
Convert 81133 (base 11) to base 8.
347530
What is -1063423 (base 7) in base 10?
-133297
4064566 (base 10) to base 9
7574474
-50418 (base 11) to base 3
-10202002221
-10000010110110001100101 (base 2) to base 11
-2469369
-133221030 (base 5) to base 14
-1398cb
What is 72a4 (base 13) in base 16?
3deb
Convert -624052 (base 10) to base 11.
-396950
What is -18a140 (base 11) in base 12?
-120946
What is -13a317 (base 11) in base 4?
-311120221
What is 1164375 (base 8) in base 13?
b3610
824a (base 11) to base 13
4c9b
102020012211 (base 3) to base 6
4423204
Convert -d3360 (base 14) to base 7.
-4214650
What